{"id":43,"date":"2017-06-05T10:17:01","date_gmt":"2017-06-05T10:17:01","guid":{"rendered":"http:\/\/klimatyzacjakrakow.com.pl\/?page_id=43"},"modified":"2018-01-26T11:28:47","modified_gmt":"2018-01-26T11:28:47","slug":"kontakt","status":"publish","type":"page","link":"https:\/\/budujmadrze.pl\/?page_id=43","title":{"rendered":"Kontakt"},"content":{"rendered":"[vc_row fullwidth=&#8221;true&#8221; fullwidth_content=&#8221;false&#8221; full_width=&#8221;stretch_row&#8221; css=&#8221;.vc_custom_1497258781528{padding-top: 70px !important;padding-bottom: 50px !important;background-color: #f9f9f9 !important;}&#8221;][vc_column][vc_column_text]\n<p style=\"text-align: justify;\"><span style=\"color: #ff9900;\"><strong><img decoding=\"async\" loading=\"lazy\" class=\"size-thumbnail wp-image-529 alignleft\" src=\"http:\/\/budujmadrze.pl\/wp-content\/uploads\/2017\/06\/orenowiczmin-150x150.jpg\" alt=\"\" width=\"150\" height=\"150\" srcset=\"https:\/\/budujmadrze.pl\/wp-content\/uploads\/2017\/06\/orenowiczmin-150x150.jpg 150w, https:\/\/budujmadrze.pl\/wp-content\/uploads\/2017\/06\/orenowiczmin.jpg 300w, https:\/\/budujmadrze.pl\/wp-content\/uploads\/2017\/06\/orenowiczmin-1024x1024.jpg 1024w\" sizes=\"(max-width: 150px) 100vw, 150px\" \/>W sprawie swojego projektu skontaktuj si\u0119 z w\u0142a\u015bcicielem biura projektowego Atectis Wojciechem Orenowiczem, ekspertem, z kt\u00f3rym mo\u017cesz porozmawia\u0107 o szczeg\u00f3\u0142ach wsp\u00f3\u0142pracy.<\/strong><\/span><\/p>\n<p style=\"text-align: left;\"><strong><span style=\"color: #002147;\">Bezpo\u015bredni kontakt:<\/span><\/strong><\/p>\n<p style=\"text-align: left;\"><strong><span style=\"color: #002147;\">W\u0142a\u015bciciel Atectis<br \/>\nWojciech Orenowicz<br \/>\nkom. 604 950 889<\/span><\/strong><\/p>\n[\/vc_column_text][\/vc_column][\/vc_row][vc_row][vc_column][vc_column_text]\n[\/vc_column_text][\/vc_column][\/vc_row][vc_row fullwidth=&#8221;true&#8221; fullwidth_content=&#8221;false&#8221; full_width=&#8221;stretch_row&#8221; css=&#8221;.vc_custom_1497258506497{padding-top: 30px !important;padding-bottom: 100px !important;}&#8221;][vc_column width=&#8221;1\/2&#8243;][vc_column_text]\n<p style=\"text-align: justify;\">Zapraszam \u00a0na specjalny cykl indywidualnych spotka\u0144. Spotkania odbywaj\u0105 si\u0119 w naszym biurze w Rudzie \u015al\u0105skiej i maj\u0105 charakter indywidualny( spotkania s\u0105 niezobowi\u0105zuj\u0105ce i bezp\u0142atne).<\/p>\n[\/vc_column_text][mk_custom_list title=&#8221;Plan spotkania&#8221;]\n<ul>\n<li>Przeanalizujemy mo\u017cliwo\u015bci dzia\u0142ki<\/li>\n<li>Przeanalizujemy Twoje dotychczasowe ustalenia, naszkicujemy og\u00f3lne propozycje<\/li>\n<li>Porozmawiamy o celu &#8211; czyli w jak ma si\u0119 mieszka\u0107 w nowym domu<\/li>\n<li>Porozmawiamy o Twoim bud\u017cecie, energooszcz\u0119dno\u015bci i stylu, kt\u00f3ry planujesz<\/li>\n<\/ul>\n[\/mk_custom_list][vc_column_text disable_pattern=&#8221;false&#8221; align=&#8221;center&#8221;]\n<p style=\"text-align: center;\"><strong>Bezpo\u015bredni kontakt:<\/strong><\/p>\n<p style=\"text-align: center;\">W\u0142a\u015bciciel Atectis<br \/>\nWojciech Orenowicz<br \/>\nkom. 604 950 889<\/p>\n[\/vc_column_text][\/vc_column][vc_column width=&#8221;1\/2&#8243;][vc_raw_html]JTNDc2NyaXB0JTIwdHlwZSUzRCUyMnRleHQlMkZqYXZhc2NyaXB0JTIyJTIwc3JjJTNEJTIyaHR0cHMlM0ElMkYlMkZmb3JtLmpvdGZvcm1ldS5jb20lMkZqc2Zvcm0lMkY4MDI1MjY0ODY2NDM2MSUyMiUzRSUzQyUyRnNjcmlwdCUzRQ==[\/vc_raw_html][\/vc_column][\/vc_row][vc_row fullwidth=&#8221;true&#8221; fullwidth_content=&#8221;false&#8221; css=&#8221;.vc_custom_1497000968694{padding-top: 50px !important;padding-right: 0px !important;padding-bottom: 50px !important;padding-left: 0px !important;background-color: #e8e8e8 !important;}&#8221;][vc_column][vc_custom_heading text=&#8221;Buduj M\u0105drze w liczbach:&#8221; use_theme_fonts=&#8221;yes&#8221;][\/vc_column][\/vc_row][vc_row fullwidth=&#8221;true&#8221; fullwidth_content=&#8221;false&#8221; css=&#8221;.vc_custom_1497003966210{padding-top: 0px !important;padding-right: 0px !important;padding-bottom: 50px !important;padding-left: 0px !important;background-color: #e8e8e8 !important;}&#8221;][vc_column width=&#8221;1\/3&#8243;][mk_milestone icon=&#8221;mk-moon-home-6&#8243; icon_size=&#8221;large&#8221; stop=&#8221;200&#8243; text=&#8221;Oko\u0142o 200 wybudowanych dom\u00f3w wed\u0142ug naszych projekt\u00f3w&#8221; font_family=&#8221;none&#8221;][\/vc_column][vc_column width=&#8221;1\/3&#8243;][mk_milestone icon=&#8221;mk-li-users&#8221; icon_size=&#8221;large&#8221; stop=&#8221;1000&#8243; speed=&#8221;1060&#8243; text=&#8221;Ponad 1000 godzin sp\u0119dzonych z klientami na rozmowach o ich domu&#8221; font_family=&#8221;none&#8221;][\/vc_column][vc_column width=&#8221;1\/3&#8243;][mk_milestone icon=&#8221;mk-li-money&#8221; icon_size=&#8221;large&#8221; stop=&#8221;8&#8243; text=&#8221;Ponad 8 milion\u00f3w z\u0142 zaoszcz\u0119dzili klienci buduj\u0105c swoje domy&#8221; font_family=&#8221;none&#8221;][\/vc_column][\/vc_row]\n","protected":false},"excerpt":{"rendered":"<p>[vc_row fullwidth=&#8221;true&#8221; fullwidth_content=&#8221;false&#8221; full_width=&#8221;stretch_row&#8221; css=&#8221;.vc_custom_1497258781528{padding-top: 70px !important;padding-bottom: 50px !important;background-color: #f9f9f9 !important;}&#8221;][vc_column][vc_column_text] W sprawie swojego projektu skontaktuj si\u0119 z w\u0142a\u015bcicielem biura projektowego Atectis Wojciechem Orenowiczem, ekspertem, z kt\u00f3rym mo\u017cesz porozmawia\u0107 o szczeg\u00f3\u0142ach wsp\u00f3\u0142pracy. Bezpo\u015bredni kontakt: W\u0142a\u015bciciel Atectis Wojciech Orenowicz kom. 604 950 889 [\/vc_column_text][\/vc_column][\/vc_row][vc_row][vc_column][vc_column_text] [\/vc_column_text][\/vc_column][\/vc_row][vc_row fullwidth=&#8221;true&#8221; fullwidth_content=&#8221;false&#8221; full_width=&#8221;stretch_row&#8221; css=&#8221;.vc_custom_1497258506497{padding-top: 30px !important;padding-bottom: 100px !important;}&#8221;][vc_column width=&#8221;1\/2&#8243;][vc_column_text] Zapraszam \u00a0na [&hellip;]<\/p>\n","protected":false},"author":1,"featured_media":0,"parent":0,"menu_order":0,"comment_status":"closed","ping_status":"closed","template":"","meta":[],"_links":{"self":[{"href":"https:\/\/budujmadrze.pl\/index.php?rest_route=\/wp\/v2\/pages\/43"}],"collection":[{"href":"https:\/\/budujmadrze.pl\/index.php?rest_route=\/wp\/v2\/pages"}],"about":[{"href":"https:\/\/budujmadrze.pl\/index.php?rest_route=\/wp\/v2\/types\/page"}],"author":[{"embeddable":true,"href":"https:\/\/budujmadrze.pl\/index.php?rest_route=\/wp\/v2\/users\/1"}],"replies":[{"embeddable":true,"href":"https:\/\/budujmadrze.pl\/index.php?rest_route=%2Fwp%2Fv2%2Fcomments&post=43"}],"version-history":[{"count":14,"href":"https:\/\/budujmadrze.pl\/index.php?rest_route=\/wp\/v2\/pages\/43\/revisions"}],"predecessor-version":[{"id":540,"href":"https:\/\/budujmadrze.pl\/index.php?rest_route=\/wp\/v2\/pages\/43\/revisions\/540"}],"wp:attachment":[{"href":"https:\/\/budujmadrze.pl\/index.php?rest_route=%2Fwp%2Fv2%2Fmedia&parent=43"}],"curies":[{"name":"wp","href":"https:\/\/api.w.org\/{rel}","templated":true}]}}