{"id":41,"date":"2017-06-05T10:16:51","date_gmt":"2017-06-05T10:16:51","guid":{"rendered":"http:\/\/klimatyzacjakrakow.com.pl\/?page_id=41"},"modified":"2017-06-09T11:17:20","modified_gmt":"2017-06-09T11:17:20","slug":"opinie-klientow","status":"publish","type":"page","link":"https:\/\/budujmadrze.pl\/?page_id=41","title":{"rendered":"Opinie klient\u00f3w"},"content":{"rendered":"[vc_row][vc_column][vc_custom_heading text=&#8221;Referencje&#8221; use_theme_fonts=&#8221;yes&#8221;][vc_empty_space][\/vc_column][\/vc_row][vc_row][vc_column][vc_column_text]\n<p style=\"text-align: justify;\">Mamy przyjemno\u015b\u0107 potwierdzi\u0107, \u017ce Biuro Projekt\u00f3w ATECTIS, reprezentowane przez Pana Wojciecha Orenowicza wykona\u0142o na nasze zlecenie projekt architektoniczno-budowlany domu jednorodzinnego i budynku gospodarczo-gara\u017cowego.<br \/>\nProjekt wykonany zosta\u0142 zgodnie z przepisami Prawa Budowlanego, a przede wszystkim, zgodnie z wytycznymi i sugestiami z naszej strony. Prace projektowe przebiega\u0142y zgodnie z przyj\u0119tym harmonogramem, a z uzyskaniem pozwolenia na budow\u0119 nie mieli\u015bmy \u017cadnych problem\u00f3w.<br \/>\nGotowy projekt w pe\u0142ni zaspokoi\u0142 nasze oczekiwania. Zaprojektowany dom charakteryzuje si\u0119 ciekawym i niepowtarzalnym wygl\u0105dem, co by\u0142o trudne do osi\u0105gni\u0119cia ze wzgl\u0119du na niekorzystne usytuowanie dzia\u0142ki budowlanej przeznaczonej pod projekt.\u00a0W trakcie realizacji powierzonego zadania mogli\u015bmy si\u0119 przekona\u0107, i\u017c Pan Wojciech Orenowicz dysponuje fachow\u0105 wiedz\u0105 projektow\u0105, dobr\u0105 organizacj\u0105 pracy, a tak\u017ce du\u017c\u0105 cierpliwo\u015bci\u0105 i wyrozumia\u0142o\u015bci\u0105 w stosunku do Inwestora. Dzi\u0119ki sprawnej organizacji prace projektowe wykonane by\u0142y rzetelnie i terminowo.\u00a0Na tej podstawie w pe\u0142ni rekomendujemy firm\u0119 ATECTIS jako kompetentnego i godnego zaufania partnera.<\/p>\n<p style=\"text-align: right;\"><strong>Tomasz i Kornelia Klimza<\/strong><\/p>\n<p align=\"JUSTIFY\">Pan Wojciech projektowa\u0142 nasz nowy dom zlokalizowany w Psarach. Od pocz\u0105tku wsp\u00f3\u0142praca\u00a0uk\u0142ada\u0142a si\u0119 bardzo pomy\u015blnie, dzi\u0119ki zaanga\u017cowaniu i bardzo dobremu kontaktowi osobistemu prace\u00a0przebiega\u0142y sprawnie. Nasza dzia\u0142ka posiada bardzo zr\u00f3\u017cnicowane cechy \u2014 jest du\u017ca, posiada pi\u0119kne\u00a0widoki na p\u00f3\u0142nocy, doskona\u0142e otoczenie \u2014 ziele\u0144 i jednocze\u015bnie wady: dojazd od strony po\u0142udniowej i\u00a0spadek w kierunku p\u00f3\u0142nocnym.<\/p>\n<p align=\"JUSTIFY\">Dzi\u0119ki pomys\u0142owo\u015bci pana Wojciecha przeanalizowali\u015bmy kilka\u00a0zupe\u0142nie r\u00f3\u017cnych koncepcji rozwi\u0105zania budynku w trudnych warunkach na naszej dzia\u0142ce. Wszystkie\u00a0wykonane zosta\u0142y w spos\u00f3b staranny i przemy\u015blany. Ostatecznie wybrali\u015bmy rozwi\u0105zanie kt\u00f3re\u00a0najlepiej pasowa\u0142o do naszych oczekiwa\u0144, na podstawie kt\u00f3rego powsta\u0142 skosztorysowany projekt.\u00a0Polecamy us\u0142ugi projektowe pana Wojciecha, z kt\u00f3rych jeste\u015bmy bardzo zadowoleni.<\/p>\n<p style=\"text-align: right;\"><strong>Anna i Konrad Pogoda<\/strong><\/p>\n<p style=\"text-align: justify;\">Dzi\u0119ki pasji Pana Wojtka do projektowania i zrozumieniu naszych potrzeb mamy dom swoich marze\u0144.\u00a0Do biura \u201eATECTIS\u201d zg\u0142osili\u015bmy si\u0119 z gotowym projektem, wynalezionym\u00a0w Internecie, kt\u00f3ry chcieli\u015bmy tak naprawd\u0119 ca\u0142kowicie zmieni\u0107, by m\u00f3g\u0142 spe\u0142ni\u0107 nasze oczekiwania. To Pan Wojtek nam\u00f3wi\u0142 nas na wyb\u00f3r indywidualnego projektu domu, za co dzi\u015b bardzo mu dzi\u0119kujemy. Przekonali\u015bmy si\u0119, \u017ce podj\u0119cie decyzji o zakupie indywidualnego projektu, sta\u0142o si\u0119 r\u00f3wnocze\u015bnie najrozs\u0105dniejsz\u0105 inwestycj\u0105 w ca\u0142ej naszej budowie.<\/p>\n<p style=\"text-align: justify;\">Pan Wojtek to cz\u0142owiek z wielk\u0105 pasj\u0105, kt\u00f3r\u0105 czuje si\u0119 przy ka\u017cdym spotkaniu. Ponadto wysoka kultura osobista, cierpliwo\u015b\u0107 i umiej\u0119tno\u015b\u0107 s\u0142uchania klienta sprawiaj\u0105, \u017ce wsp\u00f3\u0142praca z Panem Wojtkiem przebiega\u0142a niezwykle pomy\u015blnie. Po dzi\u015b dzie\u0144 s\u0142u\u017cy nam pomoc\u0105, daj\u0105c r\u00f3wnocze\u015bnie pe\u0142n\u0105 gwarancj\u0119 zaufania.<\/p>\n<p style=\"text-align: right;\"><strong>Z pe\u0142n\u0105 odpowiedzialno\u015bci\u0105, polecamy us\u0142ugi projektowe Firmy \u201eATECTIS\u201d.<\/strong><br \/>\n<strong>Beata i Tomasz Bereta<\/strong><\/p>\n<p style=\"text-align: justify;\">Projekt indywidualny w naszym wypadku to nie przejaw snobizmu czy ch\u0119\u0107 aby nasz dom wyr\u00f3\u017cnia\u0142 si\u0119 na tle otoczenia, ale potrzeba aby to dom by\u0142 dopasowany do naszych potrzeb a nie konieczno\u015b\u0107 zmiany stylu \u017cycia i dostosowanie si\u0119 do projektu gotowego. Zale\u017ca\u0142o nam na prostej nie udziwnionej eleganckiej bryle. Nie bez znaczenia by\u0142y tak\u017ce wzgl\u0119dy ekonomiczne.<\/p>\n<p style=\"text-align: justify;\">Ale do rzeczy&#8230; po przejrzeniu setek projekt\u00f3w gotowych nie znale\u017ali\u015bmy nic co odpowiada\u0142oby naszym potrzebom, a wizja zakupu projektu gotowego a nast\u0119pnie zmiany i to cz\u0119sto niema\u0142e utwierdzi\u0142a nas w przekonaniu \u017ce projekt indywidualny to najlepsze z rozwi\u0105za\u0144.<\/p>\n<p style=\"text-align: justify;\">Pan Wojciech i pracownia Atectis nie by\u0142o pierwszym biurem projektowym przez nas odwiedzonym, ale tylko tutaj poczuli\u015bmy \u017ce to nasze potrzeby i nasze wyobra\u017cenie przysz\u0142ego domu maj\u0105 znaczenie pierwszorz\u0119dne. Decyzja zapad\u0142a, to tutaj powstanie projekt naszego domu.<\/p>\n<p style=\"text-align: justify;\">Po kilku spotkaniach, burzliwych dyskusjach i niema\u0142ej ewolucji powsta\u0142 projekt naszego domu. Ju\u017c teraz na etapie wyko\u0144czenia mo\u017cemy \u015bmia\u0142o powiedzie\u0107 \u017ce rzeczywisto\u015b\u0107 przeros\u0142a nasze oczekiwania i dom jest po prostu wspania\u0142y. Dlaczego wspania\u0142y? Dlatego \u017ce spe\u0142nia wszystkie nasze oczekiwania pod wzgl\u0119dem funkcjonalno\u015bci ( rodzaju i wielko\u015bci pomieszcze\u0144 i ich rozk\u0142adu), bry\u0142a jest prosta i elegancka bez zb\u0119dnych ozdobnik\u00f3w.<\/p>\n<p style=\"text-align: justify;\">Ale wracaj\u0105c do zagadnie\u0144 ekonomicznych .Ju\u017c na pierwszym spotkaniu jasno okre\u015blili\u015bmy jakie s\u0105 nasze oczekiwania funkcjonalne (k\u0142ad\u0105c g\u0142\u00f3wny nacisk na przestrze\u0144 sfery dziennej i pomieszczenia pomocnicze : pralnia, spi\u017carnia i pomieszczenie techniczne z miejscem na k\u0105piel dla naszego czworonoga, czyli po prostu cos czego brakuje nam na co dzie\u0144 w obecnym mieszkaniu ) oraz jasno okre\u015blili\u015bmy bud\u017cet kt\u00f3rym dysponujemy. Wzgl\u0119dy ekonomiczne mia\u0142y wp\u0142yw m.in. na bry\u0142\u0119 budynku \u2014 prosty dwuspadowy dach , du\u017ca ilo\u015b\u0107 \u015bwiat\u0142a wpadaj\u0105cego do domu poprzez w wi\u0119kszo\u015bci nieotwieralne okna, a tak\u017ce projektowany system wentylacji mechanicznej z odzyskiem ciep\u0142a i ma\u0142a ilo\u015b\u0107 miejsca przewidziana na \u017ar\u00f3d\u0142o ciep\u0142a- pomp\u0119 ciep\u0142a zasilaj\u0105c\u0105 ogrzewanie pod\u0142ogowe i \u015bcienne spowodowa\u0142y \u017ce efektem jest dom \u015bci\u015ble dostosowany do potrzeb naszej rodziny, ekonomiczny o wysokim komforcie za cen\u0119 minimalnie wi\u0119ksz\u0105 ni\u017c oferta developerska.<\/p>\n<p style=\"text-align: justify;\">Je\u015bli to nie ostatni dom przez nas budowany kolejny projekt powstanie na pewno w pracowni Atectis.<\/p>\n<p style=\"text-align: right;\"><strong>Dzi\u0119kujemy!<\/strong><br \/>\n<strong>Magdalena i Micha\u0142 Widuch<\/strong><\/p>\n[\/vc_column_text][\/vc_column][\/vc_row]\n","protected":false},"excerpt":{"rendered":"<p>[vc_row][vc_column][vc_custom_heading text=&#8221;Referencje&#8221; use_theme_fonts=&#8221;yes&#8221;][vc_empty_space][\/vc_column][\/vc_row][vc_row][vc_column][vc_column_text] Mamy przyjemno\u015b\u0107 potwierdzi\u0107, \u017ce Biuro Projekt\u00f3w ATECTIS, reprezentowane przez Pana Wojciecha Orenowicza wykona\u0142o na nasze zlecenie projekt architektoniczno-budowlany domu jednorodzinnego i budynku gospodarczo-gara\u017cowego. Projekt wykonany zosta\u0142 zgodnie z przepisami Prawa Budowlanego, a przede wszystkim, zgodnie z wytycznymi i sugestiami z naszej strony. Prace projektowe przebiega\u0142y zgodnie z przyj\u0119tym harmonogramem, a z uzyskaniem [&hellip;]<\/p>\n","protected":false},"author":1,"featured_media":0,"parent":0,"menu_order":0,"comment_status":"closed","ping_status":"closed","template":"","meta":[],"_links":{"self":[{"href":"https:\/\/budujmadrze.pl\/index.php?rest_route=\/wp\/v2\/pages\/41"}],"collection":[{"href":"https:\/\/budujmadrze.pl\/index.php?rest_route=\/wp\/v2\/pages"}],"about":[{"href":"https:\/\/budujmadrze.pl\/index.php?rest_route=\/wp\/v2\/types\/page"}],"author":[{"embeddable":true,"href":"https:\/\/budujmadrze.pl\/index.php?rest_route=\/wp\/v2\/users\/1"}],"replies":[{"embeddable":true,"href":"https:\/\/budujmadrze.pl\/index.php?rest_route=%2Fwp%2Fv2%2Fcomments&post=41"}],"version-history":[{"count":7,"href":"https:\/\/budujmadrze.pl\/index.php?rest_route=\/wp\/v2\/pages\/41\/revisions"}],"predecessor-version":[{"id":340,"href":"https:\/\/budujmadrze.pl\/index.php?rest_route=\/wp\/v2\/pages\/41\/revisions\/340"}],"wp:attachment":[{"href":"https:\/\/budujmadrze.pl\/index.php?rest_route=%2Fwp%2Fv2%2Fmedia&parent=41"}],"curies":[{"name":"wp","href":"https:\/\/api.w.org\/{rel}","templated":true}]}}